z + -149. What is the units digit of r?
5
Suppose -1826 = -4*t + 5*z, -10*t + 1814 = -6*t - 3*z. What is the units digit of t?
9
Let b = -1654 - -2400. Suppose -5*p + 1849 = 2*t, -9*p + 4*t = -11*p + b. What is the hundreds digit of p?
3
Let s be (-9)/(-15)*4 + (-6)/15. What is the hundreds digit of -75*s/((-2)/116*6)?
4
Let n(p) = -2801*p - 3797. What is the ten thousands digit of n(-8)?
1
Let w(l) = 5*l + 627. Let v be w(0). Suppose 0 = -3*h + j + 433, -5*h + 108 + v = -5*j. Suppose -3*a + 67 = -h. What is the units digit of a?
0
Let f(d) = d**3 + 7*d**2 + 3*d + 4. Let t be f(-8). What is the units digit of 617/((2/14)/((-12)/t))?
7
Let t(x) = -21 - 12 + 31*x - 20 + 76 - 7 - x**3. What is the tens digit of t(-13)?
1
Let b = 11 - 8. Suppose -b*g + 3453 = -2577. Suppose g = 13*c + 2*c. What is the units digit of c?
4
Let d = -2061 + 2995. Suppose 986 = 10*g - d. Suppose g = p + 3*j + 27, 5*j + 341 = 2*p. What is the hundreds digit of p?
1
Suppose 12980888 = -79*h + 330*h + 930378. What is the ten thousands digit of h?
4
Suppose -420 = -5*z + 3*l, z - 39 - 45 = 3*l. What is the hundreds digit of ((-261)/(-6))/(90/z + -1)?
6
Let f(m) = -6*m**3 - m**2 + 12*m - 19. Let w(d) = 5*d**3 - d**2 - 13*d + 19. Let q(v) = 4*f(v) + 5*w(v). What is the tens digit of q(11)?
7
Suppose 17*g - 30*g = -13. What is the hundreds digit of (g/4)/(-4 - 112392/(-28096))?
8
Let v(u) = -7*u**2 - 5*u - 3. Let l be v(-3). Let n = -58 - l. Let s(p) = -p**3 - 3*p**2 + 10*p - 11. What is the hundreds digit of s(n)?
1
Let w(u) = -2*u + 14. Let b be w(6). Suppose b*n = r + 4*n - 31, -r = 3*n - 34. What is the tens digit of r?
2
Let r be (0 - (-2470)/4)*(-20)/(-25). Suppose 0 = 5*o - 801 - r. What is the tens digit of o?
5
Suppose 3*p - 3 = -12, 2*p = -x + 1. Suppose -4*q + 2947 = -x*m + 6*m, 5*m + 3695 = 5*q. What is the hundreds digit of q?
7
Let p = 3354 + 3476. What is the thousands digit of p?
6
Let j be -15*(-4)/(-12) - -4. What is the hundreds digit of (j + 4*1)*13498/51?
7
Let w = -835 - -1648. Suppose 3*y = 3*n - w, y + 2*y = 0. What is the hundreds digit of n?
2
Suppose 2*s - 4*v = 76, 4*s + 3*v + 43 = 5*s. What is the hundreds digit of (-6548)/(-14) + 8/s?
4
Suppose -310*c + 48787 + 17069 = -99064. Suppose 2*m - 3*m = -3. Suppose -c = -m*q - 13. What is the hundreds digit of q?
1
Let w(t) = 40*t**2 - 92*t - 202. What is the tens digit of w(-37)?
6
Suppose -245 = 2*w - w + u, 0 = 4*w - 3*u + 1015. Let f = -145 - w. What is the hundreds digit of f?
1
Let l = 14 - 14. Suppose 4*v + 1400 = -l*v. What is the tens digit of ((-8)/10)/(10/v)?
2
What is the tens digit of (0 - (-2 + 1)) + (84 - -10414)?
9
Let t(n) = 1049*n**3 + n**2 - n. Let x(o) = 9*o + 91. Let y be x(-10). What is the thousands digit of t(y)?
1
Let c = 27770 - 12452. What is the thousands digit of c?
5
Suppose -4*x + 150509 = j, 4*x - 6*x + 75293 = -5*j. What is the units digit of x?
9
Let k = 2438 - -476. What is the thousands digit of k?
2
Let k be 9602/6 + 2*(-3)/18. Suppose -63*p + 68*p - k = 0. What is the hundreds digit of p?
3
Let g(z) = z**3 + 26*z**2 - 26*z + 37. What is the units digit of g(-21)?
8
Let j be (-13 - -2) + (0 - -2). Let h(g) = g + 5*g - 4277 + 8*g + 4285 + 11*g**2 + g**3. What is the tens digit of h(j)?
4
Let c be 1*-3*(-11 - 152/(-24)). What is the units digit of (-226)/(-3)*c/(196/63)?
9
Let p be -2 - 8/(6/(-3)). Suppose -5*a + 3 - 28 = p*k, 4*k = 0. What is the units digit of 19/((-11)/55*a/3)?
7
Let m(z) = 2*z**3 + 4*z**2 + 22*z - 242. What is the ten thousands digit of m(22)?
2
Suppose -6*f = -4*f - 3*h + 11, -25 = -5*h. Suppose 4*b + 4*l = 1552, -3*b + f*b = -3*l - 400. What is the tens digit of b?
9
Let a(n) = 2*n**3 - 35*n**2 - 18*n - 2. Let r be a(18). What is the tens digit of (4 - (-179)/r)*12/(-18)?
5
Suppose p - 63 = -61. Suppose 1583 = 3*x - 7*f + 8*f, 0 = p*x + 3*f - 1053. What is the tens digit of x?
2
What is the hundreds digit of -8*12070/(-60)*3*6?
9
Let b = 159 + 504. Let j = -334 + b. What is the hundreds digit of j?
3
Let s be 6/16 - 186*10/(-160). Suppose -15*l = -s*l - 927. What is the tens digit of l?
0
Let c(i) = 4*i + 45 + 44 + 13*i + 14. What is the units digit of c(31)?
0
Suppose -6*w + 2*w + 4*g + 7180 = 0, -4*g = -8. What is the units digit of (3 - w)/(-2) - (-4 - -2)?
9
Let l = 18 + -12. Let a = 3080 - 3074. Suppose l = -3*h + a*h. What is the units digit of h?
2
Let r(m) = -8*m**2 - m**3 - 20 - 2*m**3 + 4*m**3 + 3*m - 5*m. Let q be r(9). Let l = 47 - q. What is the units digit of l?
4
Let y(f) be the third derivative of -f**7/360 - f**6/48 - 3*f**5/10 + 21*f**2. Let h(o) be the third derivative of y(o). What is the units digit of h(-6)?
9
Let d(y) = y**2 - 19*y - 14. Let q be d(-13). Let c = 717 - q. What is the hundreds digit of c?
3
Let t = -25513 + 71538. What is the thousands digit of t?
6
Suppose 5 = -f, 2*y + 143*f - 147*f = 7894. What is the units digit of y?
7
Let q be 4*2/4 + -3. What is the units digit of q/((-12)/2342) + 133/(-798)?
5
Let o(g) = 8*g - 14. Suppose 0 = -3*f + 4*m - 8*m + 43, 4*f + m - 40 = 0. Let d be o(f). Suppose d*c = 55*c + 195. What is the tens digit of c?
6
What is the hundreds digit of 693355/65 + 1/((-1)/(-1))?
6
Let k = -455 - -4345. What is the tens digit of k?
9
What is the tens digit of (1 + -2)*(-5232 + -11 + 4)?
3
Let x(g) = 39 - 50 + 7*g**2 + 33 + 4*g - 108*g. What is the units digit of x(21)?
5
Suppose 5*x - 10*x - 950 = -i, -4*i + 5*x = -3815. Suppose 6*m = 6461 + i. What is the thousands digit of m?
1
What is the hundreds digit of -8 - (107 + -16242 - (-1 - -1))?
1
Suppose -14 = 4*x - 218. Suppose -3*t + 41 + x = k, -4*k - t + 412 = 0. What is the hundreds digit of k?
1
Suppose -2*x - 278 = 2*m + 210, 4*m - 3*x = -1004. Let g be (7 - 4)/(12/m). What is the units digit of g/(-1) + (-6 - -9)?
5
Let v(g) = 418*g + 988. What is the thousands digit of v(5)?
3
Suppose 4440*h - 4441*h = -16486. What is the tens digit of h?
8
Let c(o) = -5*o**3 + 42 + 4*o**3 - 4 + 7*o + 9*o**2 + 10*o - 9*o. What is the hundreds digit of c(9)?
1
Let l(k) = k**2 - 10*k + 48. Let a = 130 - 141. What is the hundreds digit of l(a)?
2
Let m = -1530 + 1542. Suppose 2*v + 2753 = 6*v + 3*o, 0 = -2*v + o + 1389. What is the units digit of (5 + 2 + -4)/(m/v)?
3
Let k be (-9)/(-4) - 4/16. Let m(j) = -5*j - 11*j - j**k - 9 + 0*j**2. What is the units digit of m(-7)?
4
Let m = 13150 - 8891. What is the units digit of m?
9
Let c(v) = -25670*v + 5859. What is the ten thousands digit of c(-2)?
5
Suppose 11*d - 10769 = -0*d. Suppose 0 = -16*g + d - 99. What is the tens digit of g?
5
Suppose 22*s - 59 - 183 = 0. What is the hundreds digit of (0 - -630) + (-2)/s*-11?
6
Let j be (-4)/(-2) + 9*7/(-21). What is the tens digit of (j*9)/(27/(-630))?
1
What is the tens digit of 70087/(-1 - ((-112)/(-80) + 17/(-5)))?
8
Let q(r) = -r**3 + 23*r**2 + 21*r + 76. Let g be q(24). Suppose g*p - 1333 = 1227. What is the units digit of p?
0
Suppose -2*p + 2*f = -3364, 6 = f + 2. Suppose 5*a - p = 44. What is the tens digit of a?
4
Let c(f) = -f**2 + 20*f - 36. Let o be c(16). Suppose -u = 4*u - 4*j - 22, 0 = -4*u - 2*j + o. Suppose u*w - 224 = -44. What is the units digit of w?
0
Let u = 348 - 349. Let c(l) = -968*l - 11. What is the units digit of c(u)?
7
Let j(u) = 254 - 418 - 13*u - 6*u. What is the units digit of j(-19)?
7
Let c(k) = -24*k - 3. Let a be c(13). Let t be 220/30 - 2/(-3). What is the units digit of (t/(-6))/((-938)/a + -3)?
0
Suppose -49 = -5*o + q, -o + 6 = -q - 7. What is the units digit of (3/o)/(926/(-927) - -1)?
9
Suppose 2*c - 13 = -2*p + p, -4*c + 4*p = -8. Suppose -2*m = -2*n + 7*n - 804, c*m + 4*n - 2010 = 0. What is the units digit of m/30 + (-6)/15?
3
Let k(g) = 2*g**2 - g + 4. Let o be k(0). Suppose -o*w = -229 - 603. Let h = 383 - w. What is the units digit of h?
5
Let t(i) = 12*i**2 + 21*i + 179. What is the tens digit of t(-15)?
6
Let i = -400 - -400. What is the tens digit of -193*(3 - 4 - i)?
9
Suppose -33*j - 11 = -44*j. What is the hundreds digit of (j/(-5))/(6/(-13380))?
4
Let r(b) = -3*b**3 + b**2 - 9*b + 3. Let p be r(5). Let w = p + 576. What is the units digit of w?
4
Let c(s) = -s**2 + 17*s. Let d be c(15). Let b be (1384/d - (-18)/(-135))/(-1). Let v = -3 - b. What is the tens digit of v?
4
Let f = -64 + 66. Suppose f*p +